on factor of j and 68.
17
Let w = -7 - -6. Let v be w*(-1 - 1) + 2. Suppose -3*b + 312 + 394 = -2*p, -4*b + 944 = -v*p. What is the highest common factor of b and 26?
26
Let z = 73 + -36. Let t = z - 9. Suppose 3*m = 2*u + 74, -t = -m - 0*u + 4*u. Calculate the greatest common divisor of 60 and m.
12
Suppose -3*x + 42 = 5*f - 2*x, 0 = 3*f + 5*x - 34. Calculate the highest common factor of f and 74.
2
Let f = 483 - 387. Calculate the greatest common divisor of f and 256.
32
Let h be ((-67)/2 + -1)*20/(-15). Let i = h - -14. What is the greatest common factor of 45 and i?
15
Suppose -4*q + 388 = 88. Suppose -3*o = -2*m - 71, -82 - 26 = -4*o - 4*m. Calculate the highest common divisor of o and q.
25
Let l = -85 - -159. Calculate the highest common divisor of 37 and l.
37
Let v be 4 + -1*(-5 - (1 + 13)). What is the greatest common factor of v and 23?
23
Suppose -53*m = -7*m + 784 - 2072. Let i = -70 + 112. Calculate the greatest common divisor of i and m.
14
Let t(j) = -j**3 - 3*j**2 - 2*j - 3. Let r be t(-3). Suppose 0 = -u + 2*y + 8, -5 = -4*y + r. What is the highest common divisor of u and 84?
12
Suppose 15*d + 169 = 214. Let h be (-2)/(-8) - (-6)/8. Calculate the highest common factor of h and d.
1
Suppose -14*u + 4716 = -10*u. What is the highest common factor of 9 and u?
9
Let u(k) be the second derivative of k**5/20 + 3*k**4/4 + 4*k**3/3 + 5*k**2/2 - 16*k. Let b be u(-8). What is the highest common factor of 45 and b?
5
Let u(t) = 2*t**2 - 2*t - 1. Let w be u(3). Let l(g) = 46*g**2 - 42*g + 87. Let c be l(2). What is the greatest common divisor of c and w?
11
Let c be (549/45 + -9)*295. What is the greatest common factor of c and 16?
16
Let r(x) = 3*x - 10. Let z(m) = 2*m + 9. Let h be z(-2). Let q be r(h). What is the greatest common divisor of q and 5?
5
Let y be 12/5 - (-2)/(-5). Suppose y*p = 86 + 54. Let z be (3 - 2) + (0 - -13). What is the greatest common divisor of p and z?
14
Let d(h) = h**3 - 4*h**2 - 4*h - 4. Let g be d(5). Suppose 5*q = 3*z + 8, 2*q - 28 = -5*z - 0*q. Let c = z + g. Calculate the highest common divisor of c and 5.
5
Let b be 1 + (-7 + 8)*4. What is the greatest common factor of b and 11?
1
Let a(k) = -k**3 + 9*k**2 + 9*k + 10. Let q be a(10). Suppose 4*g - 5*b - 61 = 0, -4*g + 2*b = -q*b - 58. What is the greatest common factor of 154 and g?
14
Suppose 68*c + 11656 = 99*c. Calculate the highest common factor of c and 235.
47
Suppose 0 = -3*g + 3*a + 75, 67*g - 3*a = 66*g + 35. Calculate the highest common divisor of 5 and g.
5
Let n be 2/(-32)*2 - 178/(-16). Suppose n + 4 = y. What is the greatest common divisor of 60 and y?
15
Let j = 48 + -23. What is the highest common divisor of j and 175?
25
Let a be 6*(1 - -1)/2. Let x be (6/15)/(2/240). Calculate the highest common divisor of x and a.
6
Suppose 118 = -15*b + 313. What is the greatest common divisor of 13 and b?
13
Let z(m) = m**2 + 5*m. Let q be z(-5). Suppose 2*u - 4*d + 8 = q, -2*d - 8 = 5*u - 0. Let l be 545/20 + u/8. What is the highest common factor of l and 9?
9
Suppose 16*c = 410 + 598. Calculate the highest common factor of 243 and c.
9
Suppose 0 = -3*z + 4*f - f + 60, 5*z = 4*f + 101. Suppose -3*s + z = 3. What is the greatest common factor of s and 9?
3
Let o(z) = -z**2 - 8*z - 6. Let d be o(-6). Let r(x) = 4*x**3 - 13*x**2 + 14*x - 2. Let n be r(4). What is the greatest common divisor of d and n?
6
Let u = -1030 - -2038. Calculate the highest common factor of u and 24.
24
Let p be 18*(-7)/(147/(-14)). Let q be (-1*1)/(5/(-30)). What is the highest common divisor of p and q?
6
Let c be 2310/(-195) + (-4)/26. Let u(n) = -2*n - 16. Let z be u(c). Let j = -76 - -148. What is the highest common factor of j and z?
8
Let a(k) = -14*k - 3*k**2 + 4*k**2 - 2*k**2. Let p be a(-12). Calculate the highest common divisor of 84 and p.
12
Let m(v) = v**3 - 24*v**2 + 46*v + 103. Let u be m(22). What is the highest common divisor of 343 and u?
49
Suppose 21*k - 42 = 63. What is the greatest common divisor of 5 and k?
5
Let g be 12/7*7/1. Suppose -10*n + 17*n - 42 = 0. Calculate the highest common divisor of g and n.
6
Let a(s) = 29 + 10 - 5*s + 2*s. Let i be a(-14). Calculate the greatest common divisor of 18 and i.
9
Let f = -5 - -11. Suppose -f*u + u = -110. What is the highest common divisor of 242 and u?
22
Suppose 0 = -93*r + 85*r + 144. What is the highest common factor of r and 450?
18
Let h = 143 - 52. Suppose 2*l + 4*c = 76, -5*l + l + 157 = 3*c. Let n = -27 + l. Calculate the highest common factor of h and n.
13
Let w(l) = -l**2 + 14*l + 7. Let z be w(9). Calculate the highest common factor of 988 and z.
52
Let y = -597 + 680. Calculate the greatest common factor of 415 and y.
83
Let n = -137 + 250. Let m = -48 + n. Calculate the highest common divisor of m and 13.
13
Suppose 145*t = 131*t + 1890. What is the highest common factor of 108 and t?
27
Let w = -2 - -8. Let a(f) = f**3 - 5*f**2 + 3*f - 7. Let r be a(w). Let u = r + -30. Calculate the highest common divisor of u and 119.
17
Let m(l) = -l**3 + 8*l**2 + 3*l - 10. Let i be m(7). Suppose 4*o + 26 = 2*o. Let p be ((-12)/7)/(o/182). What is the highest common divisor of i and p?
12
Let y(j) = -475*j**3 - 5*j**2 - 6*j - 1. Let u be y(-1). What is the greatest common factor of u and 175?
25
Let g be (1 - 20)/((-61)/(-31) - 2). What is the highest common factor of g and 31?
31
Let f be -5 + 2 + 15 + 0/3. Calculate the highest common divisor of f and 32.
4
Let p be 2 + 1 + 0 + 9. Let j be 5/(40/(-6))*p. Let v = 10 + j. What is the greatest common factor of 11 and v?
1
Let o(q) be the second derivative of 6*q + 2*q**2 + 5/6*q**3 + 0 + 1/12*q**4. Let x be o(-5). What is the greatest common factor of x and 12?
4
Let s = 243 - 187. Suppose 2*l + 27 = 5*p, 2 + 7 = -p + 4*l. Calculate the highest common factor of s and p.
7
Let o(y) = 4*y**2 + 5*y - 2. Suppose -v = 3*v + h - 20, -3*v + 24 = 3*h. Let p be o(v). Calculate the highest common factor of 41 and p.
41
Suppose -12*k + 18 + 42 = 0. Suppose -f = -1 - k. Calculate the greatest common factor of f and 8.
2
Suppose 5*x - 535 = 2*v - 99, -3*x + v + 262 = 0. What is the highest common divisor of 4 and x?
4
Let a be -5 - (-6)/(48/4264). What is the greatest common factor of a and 660?
132
Suppose 17*q - 20*q = o - 32, -2*o + 52 = 5*q. Let f(j) = 53*j + 2. Let w be f(2). Calculate the highest common divisor of q and w.
12
Suppose -i - 149 = -5*y - 0*i, -i = 5*y - 151. What is the greatest common factor of 90 and y?
30
Suppose -2*x + 7*x - 3*h = 213, -4*h = -3*x + 130. Let d = -31 + x. Let g(v) = v**3 + v + 1. Let i be g(2). Calculate the highest common factor of i and d.
11
Let z be ((-2)/(-4))/(-10 + 101/10). Suppose 4*f - 191 = -51. What is the greatest common factor of f and z?
5
Suppose 4*m + 5*l - 235 = 0, 4*m - 205 = 37*l - 32*l. Calculate the greatest common divisor of 913 and m.
11
Let f be (-4 + 0)*(-5)/5. Suppose 14 = -f*d + 454. Let p be (4 + 2)/(10/d). What is the highest common factor of p and 22?
22
Suppose q - 3 = 4*i, 3*i + 6*q - 5*q = -11. Let z be ((-4)/5)/i + (-474)/(-15). What is the greatest common divisor of z and 4?
4
Let g(d) = 61*d + 271. Let r be g(-4). What is the greatest common factor of 1971 and r?
27
Suppose -g - 2*g + 39 = 0. Let b be 534/42 + (-2)/(-7). Let o(u) = 9*u + 26. Let f be o(b). What is the greatest common divisor of g and f?
13
Suppose -2*c = -4*q + 10, -2*c + 3*q = -0*c + 6. Suppose -i + 1 = 0, c*z + z + i = 49. What is the greatest common divisor of z and 6?
6
Suppose 0 = -3*z - 12 + 30. Let n be z/9 + (-206)/(-6). What is the highest common divisor of n and 70?
35
Suppose -4*h - 20 = -4*q, 4*h - 2*q + 0*q = -30. Let o be (12/h)/(3/(-20)). Let l = 70 + -38. Calculate the greatest common divisor of o and l.
8
Let g(y) = y**3 - y**2 + 30. Let a be g(0). Let d be (-24)/a - (-408)/10. Suppose 0 = -4*w + 279 + 121. Calculate the greatest common divisor of d and w.
20
Let r be -4 - (-42)/10 - 109/(-5). What is the greatest common divisor of 55 and r?
11
Let b be (-1892)/(-20) - (-63)/45. Suppose -4*x + 20 = x + 5*a, 5*x - 2*a - 34 = 0. What is the highest common divisor of b and x?
6
Let c(d) be the first derivative of -1/4*d**4 + d - 8/3*d**3 + 9/2*d**2 + 4. Let n be c(-9). Calculate the highest common factor of